 - c + 16 = b. Calculate the greatest common divisor of v and 36.
9
Let d be 2/(-5) + (-3066)/(-15). What is the greatest common factor of 2550 and d?
102
Let x(v) = 6*v**3 - 15*v**2 + 43*v + 80. Let i be x(12). What is the greatest common divisor of i and 62?
62
Suppose 0 = -g + 4*g - 9, -171 = 2*q + g. Suppose 2*a = a - 13. Let o = a - q. What is the greatest common factor of 37 and o?
37
Let b be 5 + 607 + 70/(-5). What is the highest common factor of b and 92?
46
Suppose v = 2*r + 112, 5*v - 5*r - 160 - 420 = 0. Suppose 14*b - 10*b = 192. What is the greatest common factor of b and v?
24
Let v(t) = -t - 2. Let n(a) = -2. Let d(f) = -4*n(f) + v(f). Let g be d(-10). Suppose -21 - 139 = -4*k. What is the greatest common divisor of g and k?
8
Suppose 14891 = 194*n - 45970 - 16739. Calculate the highest common factor of n and 11360.
80
Suppose -5*x + 5*i = -10, 3*x = -5*i + 16 + 6. Suppose -38 + 9 = -x*d + 3*l, -d - 9 = -4*l. Suppose w + 0 = d. What is the highest common divisor of w and 55?
11
Let p = 61 - -7737. Calculate the highest common factor of p and 28.
14
Suppose 5*d = 5*q - 2585, 0 = -44*d + 41*d - 21. Calculate the greatest common divisor of 2975 and q.
85
Suppose 19*z = 20*z + 9*z - 13050. What is the highest common divisor of z and 1595?
145
Let x be 987*(-5 + -5 + 96/9). Let z = -526 + x. Calculate the highest common divisor of 99 and z.
33
Suppose 0 = 2*b + 5*l + 1, -2*b - 12*l + 16*l + 8 = 0. Suppose -1710 = -b*a - 3*a. Calculate the greatest common divisor of a and 38.
38
Let x = 129 + -134. Let i be (x/(-2))/((10 - -3)/130). Let w = 68 + -18. What is the greatest common factor of w and i?
25
Let b = -378 - -392. Let c(a) = 7*a**2 - 84*a + 6. Let l be c(b). Calculate the greatest common factor of l and 2.
2
Suppose 4*a + 177 = 2*r + 3*r, -6 = 2*a. Let y = 40826 + -40683. What is the greatest common factor of r and y?
11
Let k be ((-66)/(-8))/(80/320). What is the greatest common divisor of k and 77?
11
Let d be (-31392)/(-264) - (-12)/11. Calculate the highest common divisor of 408 and d.
24
Let v be 1/3 + 66/18. Let c = -456 - -1168. Suppose 3*t + t + 5*i = 575, -5*t - v*i = -c. What is the highest common factor of t and 56?
28
Suppose 104*v + 39095 = 762207. Calculate the greatest common factor of 17 and v.
17
Let u(o) = -o. Let d(x) = 13*x - 20. Let r(b) = d(b) - u(b). Let c be r(3). What is the greatest common factor of c and 176?
22
Let b(m) = 3*m**2 - m - 9. Let y be b(6). Let h = y + -13. Calculate the highest common divisor of h and 4.
4
Suppose -5*c + 2 = -5*g - 18, -5*c + 36 = 3*g. Let u be 26*3/18 + 4/c. Suppose -s = -u*s + 4. Calculate the highest common divisor of s and 1.
1
Let u(a) = -a**2 + a - 2. Let v(c) = -11*c**2 - 15*c - 11. Let i(z) = 6*u(z) - v(z). Let p be i(-6). What is the greatest common factor of 106 and p?
53
Suppose 10*l - 51 = -11 + 240. Let y(m) = 4*m**2 + 6*m. Let d be y(-5). Calculate the highest common factor of d and l.
14
Suppose 39*v = 42*v - 9. Suppose 383 + 313 = v*u. Suppose -3*b + 54 + 33 = 0. Calculate the greatest common divisor of u and b.
29
Let l(r) be the third derivative of 5*r**4/24 + 8*r**3 + 41*r**2. Let y be l(-8). Calculate the greatest common factor of y and 712.
8
Suppose 5*k + a - 119 = 0, 23*a - 21*a + 2 = 0. Let r be (-42)/(-5)*(-5)/(-1). Let i = r - 24. Calculate the highest common factor of k and i.
6
Let f(q) = -1573*q + 98. Let l be f(-4). Suppose -7370 - l = -43*a. Calculate the highest common factor of a and 10.
10
Suppose 0 = -2*a + 4*a - 10, -5*d - 3*a - 345 = 0. Let c = d + 70. Let x be (c/6)/(((-42)/(-6))/(-231)). What is the highest common factor of x and 1?
1
Let h(r) = -r**2 - 12*r - 31 - 9*r + 33*r. Let z be h(5). Let x be 4*z/(-8)*(-12 + 0). Calculate the greatest common factor of 36 and x.
12
Suppose -6*y + 26*y - 105 = 15*y. Suppose -6 - 2 = -w. Let g = 6 + w. What is the highest common divisor of g and y?
7
Suppose -23*s + 308 = -4752. Let c = -118 + s. What is the highest common divisor of c and 119?
17
Suppose 0 = -2*i + 3*p - 5, -4*i = -0*i - 4*p + 4. Suppose i = -6*b + 56. Calculate the highest common factor of 27 and b.
9
Let a(p) = p**3 - 5*p**2 - 4*p - 3. Let l be a(10). Let h = -427 + l. Calculate the greatest common factor of 80 and h.
10
Suppose -20 = -0*q + 4*q. Let j(g) = g**2 + 5*g + 12. Let a be j(q). Suppose 5*l - 68 = a. What is the greatest common factor of 2 and l?
2
Let j = -377 - -395. Let r(i) = -i**3 + 19*i**2 - 21*i + 71. Let l be r(j). Calculate the highest common factor of 85 and l.
17
Suppose -39*s = -11*s - 588. Calculate the greatest common divisor of 805 and s.
7
Let x = -1384 + 1389. Let b be (-5)/(1/4*-2). Suppose 4*o = -b*m + x*m + 74, -3*m + 3*o + 66 = 0. What is the highest common factor of m and 198?
18
Suppose 0 = r - 161 + 156. Let v be ((-261)/(-6) - r)/(2/4). Calculate the greatest common factor of 11 and v.
11
Let b = -9952 - -12316. Calculate the highest common divisor of 12 and b.
12
Let q be (27/(-18))/((-21)/182) + -7. What is the greatest common factor of 219 and q?
3
Let i = 98 - 73. Suppose -i*q = -333 - 292. Calculate the greatest common divisor of 50 and q.
25
Let x(f) = -f**3 + 39*f**2 + f - 1464. Let b be x(38). What is the highest common factor of 11520 and b?
18
Let c = 14923 + -14762. Let m(b) = 2*b**3 - 5*b**2 + 2*b - 1. Let t be m(3). What is the highest common factor of c and t?
7
Let i = 30 - 26. Suppose 7*n - 4*n = -2*q + 13, 0 = q + n - i. Let c be 3 - ((-6)/12)/(q/(-48)). Calculate the highest common divisor of c and 216.
27
Let y = -1543 + 8388. Calculate the highest common factor of 15 and y.
5
Let u be 0*((-15)/6 + 2). Let y be -1 - (2 + (u - 30)). Let d(n) = -1387*n + 27758. Let o be d(20). Calculate the highest common factor of o and y.
9
Let n = -4998 + 5164. What is the greatest common factor of n and 12118?
166
Let v = -189 + 98. Let j = 68 + v. Let w(r) = -r**2 - 27*r - 5. Let y be w(j). Calculate the greatest common divisor of y and 58.
29
Let b(w) = -w**3 + w**2 + 3*w + 208. Let p be (3 - 3)/((-2)/2). Let q be b(p). What is the highest common divisor of q and 13?
13
Let r = 21994 + -21674. What is the highest common factor of r and 512?
64
Suppose 3*o - 23 = -5*h, -h + 7*o + 23 = 3*o. Suppose -2*n + 9 = 4*v - h*v, 0 = 5*v - 15. What is the greatest common factor of n and 207?
9
Suppose -t + 10 = -3*q + 6*q, q = -2*t + 25. Suppose -t*c = -8*c - 380. Calculate the highest common factor of c and 133.
19
Suppose -31 = 35*k - 136. Suppose -1848 = -8*c - k*c. Calculate the greatest common divisor of 120 and c.
24
Let c = -5068 + 6604. Calculate the highest common divisor of 224 and c.
32
Suppose 50*f - 66 = 84. Suppose -519 = -2*w + f*g, 11*g - 9*g + 6 = 0. What is the greatest common factor of w and 170?
85
Let m(t) = t**2 + 32*t - 117. Suppose 0 = 4*n + 4, 2*f + f + 127 = -4*n. Let a be m(f). What is the greatest common divisor of a and 42?
42
Suppose 168*t + 7080 = 176*t. What is the greatest common factor of 118 and t?
59
Let p(v) = -4*v**2 - 103*v + 54. Let c be p(-26). What is the highest common divisor of 1246 and c?
14
Let m(s) = -s**2 - 108*s + 124. Let x be m(-45). What is the highest common divisor of 11 and x?
11
Let u = 10166 - 7436. What is the highest common divisor of 140 and u?
70
Let t = -878 - -896. Suppose -v + 2*v - 18 = 0. Calculate the greatest common divisor of v and t.
18
Let h(o) = o**3 + 34*o - 354. Let s be h(12). What is the highest common divisor of s and 132?
66
Suppose 3*q = 3, -3*a + 23*q = 20*q - 9. Suppose 0 = a*y - 15*y + 198. Calculate the greatest common factor of y and 150.
6
Suppose 0 = -2*z - f + 2021 - 752, -1921 = -3*z + 2*f. Let u = z - 466. Calculate the greatest common divisor of u and 45.
9
Suppose 0 = q - h - 3*h - 55, 4*q - 178 = 2*h. Suppose 643*z - 21156 = 151*z. Calculate the highest common factor of q and z.
43
Suppose -4*a + 5 = -5*m, m + 0*m = 2*a - 1. Let l be (-1421)/(-28) + m/(-4). What is the greatest common divisor of l and 6?
3
Suppose -y + 364 = y - 2*j, 0 = -3*j + 15. Let k = -34918 + 34929. What is the highest common factor of y and k?
11
Suppose 0 = 56*s - 57*s - 3. Let h(w) = -3*w**3 + 3*w**2 + 20*w + 72. Let o be h(s). Calculate the highest common factor of 320 and o.
40
Let w be 16771/279 - (-2)/(-18). Calculate th